 m = 10 - 4. What are the prime factors of y(m)?
2
Let o(t) be the third derivative of -t**4/24 - t**3/3 - 2*t**2. Let x(w) = -2*w - 4. Let n(d) = -9*o(d) + 4*x(d). What are the prime factors of n(7)?
3
Let d be (-1)/(0 - 3/(-15)). What are the prime factors of d*(0/(-2) + -4)?
2, 5
Suppose 0 = -b + 4 - 1. Suppose -b*j + 3*f = -24, -2*j + 7*j - 52 = -f. List the prime factors of j.
2, 5
Let n(i) = 2*i**3 + 3*i**2 - 3*i + 2. Let c be n(-3). Let v = c + 11. List the prime factors of v/8*-2*8.
2, 5
Suppose 3*y - x = -3*x + 73, -3*y = -5*x - 38. What are the prime factors of y?
3, 7
Suppose 3*p + 244 = p. What are the prime factors of p/(-12) - 3/18?
2, 5
Let x(w) = -w + 3. Let d(i) = -i**3 - 8*i**2 - 9*i - 6. Let l be d(-7). Let u be x(l). List the prime factors of 2/u - (-66)/15.
2
Let c(y) = 21*y + 10. List the prime factors of c(8).
2, 89
Suppose -3*t - 417 - 188 = -5*v, 3*t = v - 109. What are the prime factors of v?
2, 31
Suppose -5*c - 2 = -12. Suppose 4*s - 18 = 4*x + c, 4*s = -x + 20. What are the prime factors of s?
5
Let j(b) = 3*b + 20. List the prime factors of j(6).
2, 19
Suppose 4 = -s, 5*l + 10 = -2*s - 8. Let p be ((-25)/l)/(2/4). Let j = -8 + p. What are the prime factors of j?
17
Suppose -3*m + m + 180 = -4*j, 2*j = -6. Suppose 4*v - 5*x - m = 115, 2*x = 5*v - 236. What are the prime factors of v?
2, 23
Let d(j) be the third derivative of j**6/120 + 7*j**5/60 + j**3 - 2*j**2. Let b = -23 - -16. What are the prime factors of d(b)?
2, 3
Let s(t) = 4*t - 14. List the prime factors of s(5).
2, 3
Let w be -2 - (-25 - (-1 + -2)). Let t be (1 - 2)/((-1)/4). Suppose -w = t*z - 9*z. What are the prime factors of z?
2
Let o = 199 - 114. List the prime factors of o.
5, 17
Let a = 0 + 53. Suppose 4*m = 3*u - 72, 3*u + m - a = 4. What are the prime factors of u?
2, 5
Let r(b) = -b**3 + 9*b**2 + 8*b + 7. Let a(q) = 3*q**3 - 27*q**2 - 24*q - 20. Let n(w) = -2*a(w) - 7*r(w). List the prime factors of n(10).
11
Suppose -3*j + 162 = -0*m - 5*m, 2*j + 2*m - 108 = 0. What are the prime factors of j?
2, 3
Let k be (-2)/(-1)*(-12)/(-8). Let t = 28 + -20. Let w = t + k. What are the prime factors of w?
11
Suppose -u + 15 = -0*u. Suppose u = 7*s - 2*s. Suppose 0 = 2*h + 5*t - 8, 0*t = -s*h - t + 25. What are the prime factors of h?
3
Let x(l) = 3*l**2 - 2*l + 2. Let t = 4 + -1. What are the prime factors of x(t)?
23
Let j = -1 - -6. Let w = 6 + j. Let l(o) = o**3 - 11*o**2 + 3*o - 14. What are the prime factors of l(w)?
19
Let f(q) be the second derivative of 1/12*q**4 - 7/2*q**2 - 1/2*q**3 - q + 0. List the prime factors of f(6).
11
Suppose -4*j + 5*d = -74, 2*d = 2*j - j - 20. Let o = -9 + j. List the prime factors of o.
7
Let u(s) = s**3 - 5*s**2 + 4*s - 2. Let y be u(4). Let c be 5/(y/4*2). Let v = 10 + c. What are the prime factors of v?
5
Suppose -6*o + 81 = -3*o. Suppose 5 = 4*t - 3*t. Suppose 5*c + 7 = t*x + o, -6 = 3*x. List the prime factors of c.
2
Let z = 25 + -12. What are the prime factors of z?
13
Suppose -2*f - 76 = 2*f. Let c = 31 + f. List the prime factors of c.
2, 3
Let p be 1/(1/(3*4)). Suppose 6*b - p = 2*b. What are the prime factors of b?
3
Suppose -3*n = q - 12, 0*n = 4*q - 2*n - 34. List the prime factors of q.
3
Suppose z + 5*d = 231, 5*d = -2*z + 2*d + 427. What are the prime factors of z?
2, 103
Let l be -1*(-2)/4*14. Suppose 72 = l*i - 4*i. List the prime factors of i.
2, 3
Suppose 0 = -5*g + 2*i + 134, -5*g + i + 128 = 2*i. Let j = -11 + g. Let u = -8 + j. List the prime factors of u.
7
Suppose -2*y = 4*m - 14, y + 7 = 5*m - 0. Suppose y*v - 148 = -7. List the prime factors of v.
47
Let y(r) = r**2 + 2*r + 2. Let g be y(-2). Let i be -1*g + 6 + 0. What are the prime factors of -2 + (6 - i/2)?
2
Let s = 7 + -5. Suppose s*w = 3*w. Suppose -11 = -w*y - y. List the prime factors of y.
11
Suppose 182 = 2*b - 0*b. Let t = 144 - b. What are the prime factors of t?
53
Let n be 4/(2 + 0) - 2. Let p(b) = 6*b - 9. Let g be p(7). Suppose n = -3*i + 18 + g. What are the prime factors of i?
17
Let x(d) = d**3 + 7*d**2 - 3*d + 7. List the prime factors of x(-6).
61
Suppose 2*m - 3*q = -17 + 127, -240 = -4*m + q. List the prime factors of m.
61
Let t be (-1)/1*-2*1. Let p be (-2)/(-6) - 35/(-3). Suppose 5*d - p + t = 0. What are the prime factors of d?
2
Let f = 0 + 4. Suppose i + i - 20 = -g, f*i + 4*g - 48 = 0. Let q = 3 + i. List the prime factors of q.
11
Let v(x) = 6*x + 3. Let q be v(2). Let a = -10 + q. What are the prime factors of a?
5
List the prime factors of 0/6 + 23*6.
2, 3, 23
Let v(d) be the second derivative of -d**5/20 - d**4/3 + d**3 + 5*d**2/2 - d. Let a be v(-5). What are the prime factors of (a - (-4)/5)*10?
2
Let d = -116 - -193. List the prime factors of d.
7, 11
Let m be (-3)/(3/(-2)) + 14. What are the prime factors of (m - (4 + -3)) + 0?
3, 5
What are the prime factors of 8/(-6)*(3 - 927/6)?
2, 101
Let r(x) be the third derivative of -1/12*x**4 + 0*x + 3*x**2 + 0 + 0*x**3. List the prime factors of r(-6).
2, 3
Let v = -209 - -344. List the prime factors of v.
3, 5
Suppose 7*t - 236 = 4*t + 2*q, -4*t - 3*q + 292 = 0. List the prime factors of 2*t/16*2.
19
Suppose 31*w = 26*w + 585. What are the prime factors of w?
3, 13
Let s be (-21)/(-7) - (0 + -2). List the prime factors of s*-7*12/(-20).
3, 7
Let j = -20 + 60. List the prime factors of j.
2, 5
Let t(j) = 10*j**2 - j - 1. Let z be t(-1). Suppose -2*u = -z - 12. What are the prime factors of u?
11
Let q = 193 + -114. Suppose h - 126 = -5*b + q, -5*b + 2*h + 190 = 0. Suppose 0*o + b = 5*o. What are the prime factors of o?
2
Let j(p) = p**3 + 4*p**2 + 5. Let i be j(-4). Suppose -26 + i = -3*t. List the prime factors of t.
7
Let p(g) = -8*g - 35. List the prime factors of p(-8).
29
Suppose 20 = 2*d + 3*d. Let g = d + 20. Suppose -4*q + q = -g. List the prime factors of q.
2
Suppose -2 + 0 = -2*s. Suppose -2*c + 125 = 5*p, -3*c = p - s - 11. What are the prime factors of p?
3
Let t(k) = -4*k**2 + 2*k + 2. Let h be t(-1). What are the prime factors of (h/3)/(1/(-18))?
2, 3
Let j = 42 - -8. Suppose 4*v + 4*y - j = 94, -2*v + 97 = -3*y. What are the prime factors of v?
41
Let m(w) = -w + 7. Let j be m(5). Suppose u = 3*a + 27, -2*a + 5*a = -j*u + 45. What are the prime factors of u?
2, 3
Let b(q) = 6*q**2 - q - 9. What are the prime factors of b(4)?
83
Suppose -b - 3*b = 8. List the prime factors of 0*b/(-8) + 6.
2, 3
Suppose -28 - 254 = -3*k. Suppose 0 = -d + o + 51, 0 = -d + 3*d + 2*o - k. What are the prime factors of d?
7
Suppose 5*a + 16 = 4*l, 2*a - 7 = 3*l + 3*a. Let m(h) = -25*h - 1. What are the prime factors of m(l)?
2, 3
Let o be 236/16 - (-1)/4. Let n = 11 + o. What are the prime factors of n?
2, 13
What are the prime factors of ((81/6)/9)/(1/98)?
3, 7
Let p = 288 - 200. What are the prime factors of p?
2, 11
Let i = 14 - 6. Suppose i*z = 9*z - 7. What are the prime factors of z?
7
Let w(j) = j + 2. Let a be w(5). Suppose 0 = 4*q - a*q + 24. List the prime factors of q.
2
Let p(f) = 3 - 1 + 3*f**2 - 5*f - f**2. Let y be p(3). Suppose y*a = -5 + 15. What are the prime factors of a?
2
Let t = 1 + -2. Let m(g) = 4*g**3 + g + 1. Let l be m(t). What are the prime factors of 12/8 + (-38)/l?
11
Let w(t) = 9*t**2 - 2*t - 1. Let s be w(-2). Suppose o - 32 = -b, -2*o + 102 - s = b. List the prime factors of o.
31
Let v(x) be the first derivative of x**3/3 + x**2 - x + 1. Suppose -3 = -5*d - 18. What are the prime factors of v(d)?
2
Suppose u + 0*u - 41 = -5*z, -z + 4*u = -4. Suppose z*l - 15 = 3*l. Suppose 2*s + 49 = l*k + 8, -5*s - 5 = 0. List the prime factors of k.
13
Suppose 1853 = 19*z - 313. What are the prime factors of z?
2, 3, 19
Let y(t) = 4*t + 9. Let x be y(-6). Let d be (12/x)/(2/(-150)). Suppose -11 - 6 = g - 5*b, 5*g + 4*b = d. List the prime factors of g.
2
Suppose 12 = -i - 3*i. Let k = i - -3. Suppose 3*a = -k*a + 24. What are the prime factors of a?
2
Let p = -191 - -270. What are the prime factors of p?
79
Suppose -3*a + a = 0. Suppose i = -2*o + 14, 4*o + o + 3*i - 34 = a. What are the prime factors of o?
2
Let f = -49 + 94. List the prime factors of f.
3, 5
Let a(y) = -2*y**2 + y. Let q be a(2). What are the prime factors of 2*(3 + (-9)/q)?
3
Suppose -70 = -5*p + 40. Suppose -3*z + 30 = -66. Suppose -z = -2*f + 2*o, 3*f - p = -o + 14. List